{"id":18242,"date":"2024-06-17T09:52:43","date_gmt":"2024-06-17T07:52:43","guid":{"rendered":"https:\/\/technosystem.pl\/?page_id=18242"},"modified":"2024-06-17T10:43:37","modified_gmt":"2024-06-17T08:43:37","slug":"evertiq-expo-malmo-2024","status":"publish","type":"page","link":"https:\/\/technosystem.pl\/en\/evertiq-expo-malmo-2024\/","title":{"rendered":"Evertiq EXPO Malmo 2024"},"content":{"rendered":"<div class=\"wpb-content-wrapper\"><p>[vc_row css_animation=&#8221;&#8221; row_type=&#8221;row&#8221; use_row_as_full_screen_section=&#8221;no&#8221; type=&#8221;full_width&#8221; angled_section=&#8221;no&#8221; text_align=&#8221;left&#8221; background_image_as_pattern=&#8221;without_pattern&#8221;][vc_column][vc_column_text]<span style=\"color: #000000;\">On May 23, as an exhibitor, we took part in the Evertiq EXPO fair in Malmo. It was an excellent opportunity to learn more about the Swedish market and, above all, meet our clients. Thank you for being there with us!<\/span>[\/vc_column_text][vc_empty_space][\/vc_column][\/vc_row][vc_row css_animation=&#8221;&#8221; row_type=&#8221;row&#8221; use_row_as_full_screen_section=&#8221;no&#8221; type=&#8221;full_width&#8221; angled_section=&#8221;no&#8221; text_align=&#8221;left&#8221; background_image_as_pattern=&#8221;without_pattern&#8221;][vc_column width=&#8221;1\/6&#8243;][\/vc_column][vc_column width=&#8221;2\/3&#8243;][vc_single_image image=&#8221;18234&#8243; img_size=&#8221;large&#8221; alignment=&#8221;center&#8221; qode_css_animation=&#8221;&#8221;][\/vc_column][vc_column width=&#8221;1\/6&#8243;][\/vc_column][\/vc_row][vc_row css_animation=&#8221;&#8221; row_type=&#8221;row&#8221; use_row_as_full_screen_section=&#8221;no&#8221; type=&#8221;full_width&#8221; angled_section=&#8221;no&#8221; text_align=&#8221;left&#8221; background_image_as_pattern=&#8221;without_pattern&#8221;][vc_column][vc_empty_space height=&#8221;400px&#8221;][\/vc_column][\/vc_row]<\/p>\n<\/div>","protected":false},"excerpt":{"rendered":"<p>[vc_row css_animation=&#8221;&#8221; row_type=&#8221;row&#8221; use_row_as_full_screen_section=&#8221;no&#8221; type=&#8221;full_width&#8221; angled_section=&#8221;no&#8221; text_align=&#8221;left&#8221; background_image_as_pattern=&#8221;without_pattern&#8221;][vc_column][vc_column_text]On May 23, as an exhibitor, we took part in the Evertiq EXPO fair in Malmo. It was an excellent opportunity to learn more about the Swedish market and, above all, meet our clients. Thank you for being&#8230;<\/p>\n","protected":false},"author":1,"featured_media":0,"parent":0,"menu_order":0,"comment_status":"closed","ping_status":"closed","template":"","meta":{"footnotes":""},"class_list":["post-18242","page","type-page","status-publish","hentry"],"yoast_head":"<!-- This site is optimized with the Yoast SEO plugin v27.2 - https:\/\/yoast.com\/product\/yoast-seo-wordpress\/ -->\n<title>Evertiq EXPO Malmo 2024 - Technosystem Sp. z o.o.<\/title>\n<meta name=\"robots\" content=\"index, follow, max-snippet:-1, max-image-preview:large, max-video-preview:-1\" \/>\n<link rel=\"canonical\" href=\"https:\/\/technosystem.pl\/en\/evertiq-expo-malmo-2024\/\" \/>\n<meta property=\"og:locale\" content=\"en_US\" \/>\n<meta property=\"og:type\" content=\"article\" \/>\n<meta property=\"og:title\" content=\"Evertiq EXPO Malmo 2024 - Technosystem Sp. z o.o.\" \/>\n<meta property=\"og:description\" content=\"[vc_row css_animation=&#8221;&#8221; row_type=&#8221;row&#8221; use_row_as_full_screen_section=&#8221;no&#8221; type=&#8221;full_width&#8221; angled_section=&#8221;no&#8221; text_align=&#8221;left&#8221; background_image_as_pattern=&#8221;without_pattern&#8221;][vc_column][vc_column_text]On May 23, as an exhibitor, we took part in the Evertiq EXPO fair in Malmo. It was an excellent opportunity to learn more about the Swedish market and, above all, meet our clients. Thank you for being...\" \/>\n<meta property=\"og:url\" content=\"https:\/\/technosystem.pl\/en\/evertiq-expo-malmo-2024\/\" \/>\n<meta property=\"og:site_name\" content=\"Technosystem Sp. z o.o.\" \/>\n<meta property=\"article:publisher\" content=\"https:\/\/www.facebook.com\/TechnoSystemSpzoo\/\" \/>\n<meta property=\"article:modified_time\" content=\"2024-06-17T08:43:37+00:00\" \/>\n<meta name=\"twitter:card\" content=\"summary_large_image\" \/>\n<meta name=\"twitter:label1\" content=\"Est. reading time\" \/>\n\t<meta name=\"twitter:data1\" content=\"1 minute\" \/>\n<script type=\"application\/ld+json\" class=\"yoast-schema-graph\">{\"@context\":\"https:\/\/schema.org\",\"@graph\":[{\"@type\":\"WebPage\",\"@id\":\"https:\/\/technosystem.pl\/en\/evertiq-expo-malmo-2024\/\",\"url\":\"https:\/\/technosystem.pl\/en\/evertiq-expo-malmo-2024\/\",\"name\":\"Evertiq EXPO Malmo 2024 - Technosystem Sp. z o.o.\",\"isPartOf\":{\"@id\":\"https:\/\/technosystem.pl\/#website\"},\"datePublished\":\"2024-06-17T07:52:43+00:00\",\"dateModified\":\"2024-06-17T08:43:37+00:00\",\"breadcrumb\":{\"@id\":\"https:\/\/technosystem.pl\/en\/evertiq-expo-malmo-2024\/#breadcrumb\"},\"inLanguage\":\"en-US\",\"potentialAction\":[{\"@type\":\"ReadAction\",\"target\":[\"https:\/\/technosystem.pl\/en\/evertiq-expo-malmo-2024\/\"]}]},{\"@type\":\"BreadcrumbList\",\"@id\":\"https:\/\/technosystem.pl\/en\/evertiq-expo-malmo-2024\/#breadcrumb\",\"itemListElement\":[{\"@type\":\"ListItem\",\"position\":1,\"name\":\"Strona g\u0142\u00f3wna\",\"item\":\"https:\/\/technosystem.pl\/en\/strona-glowna\/\"},{\"@type\":\"ListItem\",\"position\":2,\"name\":\"Evertiq EXPO Malmo 2024\"}]},{\"@type\":\"WebSite\",\"@id\":\"https:\/\/technosystem.pl\/#website\",\"url\":\"https:\/\/technosystem.pl\/\",\"name\":\"Technosystem Sp. z o.o.\",\"description\":\"Technosystem - Profesjonalny i kompleksowy monta\u017c SMD oraz monta\u017c THT. Oferujemy kompleksow\u0105 obs\u0142ug\u0119 zlece\u0144 produkcyjnych na materia\u0142ach\",\"publisher\":{\"@id\":\"https:\/\/technosystem.pl\/#organization\"},\"potentialAction\":[{\"@type\":\"SearchAction\",\"target\":{\"@type\":\"EntryPoint\",\"urlTemplate\":\"https:\/\/technosystem.pl\/?s={search_term_string}\"},\"query-input\":{\"@type\":\"PropertyValueSpecification\",\"valueRequired\":true,\"valueName\":\"search_term_string\"}}],\"inLanguage\":\"en-US\"},{\"@type\":\"Organization\",\"@id\":\"https:\/\/technosystem.pl\/#organization\",\"name\":\"Technosystem Sp. z o.o.\",\"url\":\"https:\/\/technosystem.pl\/\",\"logo\":{\"@type\":\"ImageObject\",\"inLanguage\":\"en-US\",\"@id\":\"https:\/\/technosystem.pl\/#\/schema\/logo\/image\/\",\"url\":\"https:\/\/technosystem.pl\/wp-content\/uploads\/2024\/04\/logo-1.png\",\"contentUrl\":\"https:\/\/technosystem.pl\/wp-content\/uploads\/2024\/04\/logo-1.png\",\"width\":235,\"height\":33,\"caption\":\"Technosystem Sp. z o.o.\"},\"image\":{\"@id\":\"https:\/\/technosystem.pl\/#\/schema\/logo\/image\/\"},\"sameAs\":[\"https:\/\/www.facebook.com\/TechnoSystemSpzoo\/\",\"https:\/\/www.youtube.com\/channel\/UCtag1RRGGZdlCMlsXHr8F9A\",\"https:\/\/www.linkedin.com\/company\/technosystem-sp-z-o-o\/?viewAsMember=true\"]}]}<\/script>\n<!-- \/ Yoast SEO plugin. -->","yoast_head_json":{"title":"Evertiq EXPO Malmo 2024 - Technosystem Sp. z o.o.","robots":{"index":"index","follow":"follow","max-snippet":"max-snippet:-1","max-image-preview":"max-image-preview:large","max-video-preview":"max-video-preview:-1"},"canonical":"https:\/\/technosystem.pl\/en\/evertiq-expo-malmo-2024\/","og_locale":"en_US","og_type":"article","og_title":"Evertiq EXPO Malmo 2024 - Technosystem Sp. z o.o.","og_description":"[vc_row css_animation=&#8221;&#8221; row_type=&#8221;row&#8221; use_row_as_full_screen_section=&#8221;no&#8221; type=&#8221;full_width&#8221; angled_section=&#8221;no&#8221; text_align=&#8221;left&#8221; background_image_as_pattern=&#8221;without_pattern&#8221;][vc_column][vc_column_text]On May 23, as an exhibitor, we took part in the Evertiq EXPO fair in Malmo. It was an excellent opportunity to learn more about the Swedish market and, above all, meet our clients. Thank you for being...","og_url":"https:\/\/technosystem.pl\/en\/evertiq-expo-malmo-2024\/","og_site_name":"Technosystem Sp. z o.o.","article_publisher":"https:\/\/www.facebook.com\/TechnoSystemSpzoo\/","article_modified_time":"2024-06-17T08:43:37+00:00","twitter_card":"summary_large_image","twitter_misc":{"Est. reading time":"1 minute"},"schema":{"@context":"https:\/\/schema.org","@graph":[{"@type":"WebPage","@id":"https:\/\/technosystem.pl\/en\/evertiq-expo-malmo-2024\/","url":"https:\/\/technosystem.pl\/en\/evertiq-expo-malmo-2024\/","name":"Evertiq EXPO Malmo 2024 - Technosystem Sp. z o.o.","isPartOf":{"@id":"https:\/\/technosystem.pl\/#website"},"datePublished":"2024-06-17T07:52:43+00:00","dateModified":"2024-06-17T08:43:37+00:00","breadcrumb":{"@id":"https:\/\/technosystem.pl\/en\/evertiq-expo-malmo-2024\/#breadcrumb"},"inLanguage":"en-US","potentialAction":[{"@type":"ReadAction","target":["https:\/\/technosystem.pl\/en\/evertiq-expo-malmo-2024\/"]}]},{"@type":"BreadcrumbList","@id":"https:\/\/technosystem.pl\/en\/evertiq-expo-malmo-2024\/#breadcrumb","itemListElement":[{"@type":"ListItem","position":1,"name":"Strona g\u0142\u00f3wna","item":"https:\/\/technosystem.pl\/en\/strona-glowna\/"},{"@type":"ListItem","position":2,"name":"Evertiq EXPO Malmo 2024"}]},{"@type":"WebSite","@id":"https:\/\/technosystem.pl\/#website","url":"https:\/\/technosystem.pl\/","name":"Technosystem Sp. z o.o.","description":"Technosystem - Profesjonalny i kompleksowy monta\u017c SMD oraz monta\u017c THT. Oferujemy kompleksow\u0105 obs\u0142ug\u0119 zlece\u0144 produkcyjnych na materia\u0142ach","publisher":{"@id":"https:\/\/technosystem.pl\/#organization"},"potentialAction":[{"@type":"SearchAction","target":{"@type":"EntryPoint","urlTemplate":"https:\/\/technosystem.pl\/?s={search_term_string}"},"query-input":{"@type":"PropertyValueSpecification","valueRequired":true,"valueName":"search_term_string"}}],"inLanguage":"en-US"},{"@type":"Organization","@id":"https:\/\/technosystem.pl\/#organization","name":"Technosystem Sp. z o.o.","url":"https:\/\/technosystem.pl\/","logo":{"@type":"ImageObject","inLanguage":"en-US","@id":"https:\/\/technosystem.pl\/#\/schema\/logo\/image\/","url":"https:\/\/technosystem.pl\/wp-content\/uploads\/2024\/04\/logo-1.png","contentUrl":"https:\/\/technosystem.pl\/wp-content\/uploads\/2024\/04\/logo-1.png","width":235,"height":33,"caption":"Technosystem Sp. z o.o."},"image":{"@id":"https:\/\/technosystem.pl\/#\/schema\/logo\/image\/"},"sameAs":["https:\/\/www.facebook.com\/TechnoSystemSpzoo\/","https:\/\/www.youtube.com\/channel\/UCtag1RRGGZdlCMlsXHr8F9A","https:\/\/www.linkedin.com\/company\/technosystem-sp-z-o-o\/?viewAsMember=true"]}]}},"_links":{"self":[{"href":"https:\/\/technosystem.pl\/en\/wp-json\/wp\/v2\/pages\/18242","targetHints":{"allow":["GET"]}}],"collection":[{"href":"https:\/\/technosystem.pl\/en\/wp-json\/wp\/v2\/pages"}],"about":[{"href":"https:\/\/technosystem.pl\/en\/wp-json\/wp\/v2\/types\/page"}],"author":[{"embeddable":true,"href":"https:\/\/technosystem.pl\/en\/wp-json\/wp\/v2\/users\/1"}],"replies":[{"embeddable":true,"href":"https:\/\/technosystem.pl\/en\/wp-json\/wp\/v2\/comments?post=18242"}],"version-history":[{"count":3,"href":"https:\/\/technosystem.pl\/en\/wp-json\/wp\/v2\/pages\/18242\/revisions"}],"predecessor-version":[{"id":18262,"href":"https:\/\/technosystem.pl\/en\/wp-json\/wp\/v2\/pages\/18242\/revisions\/18262"}],"wp:attachment":[{"href":"https:\/\/technosystem.pl\/en\/wp-json\/wp\/v2\/media?parent=18242"}],"curies":[{"name":"wp","href":"https:\/\/api.w.org\/{rel}","templated":true}]}}

<!-- This site is optimized with the Yoast SEO plugin v27.2 - https://yoast.com/product/yoast-seo-wordpress/ -->
<title>Evertiq EXPO Malmo 2024 - Technosystem Sp. z o.o.</title>
<meta name="robots" content="index, follow, max-snippet:-1, max-image-preview:large, max-video-preview:-1" />
<link rel="canonical" href="https://technosystem.pl/en/evertiq-expo-malmo-2024/" />
<meta property="og:locale" content="en_US" />
<meta property="og:type" content="article" />
<meta property="og:title" content="Evertiq EXPO Malmo 2024 - Technosystem Sp. z o.o." />
<meta property="og:description" content="[vc_row css_animation=&#8221;&#8221; row_type=&#8221;row&#8221; use_row_as_full_screen_section=&#8221;no&#8221; type=&#8221;full_width&#8221; angled_section=&#8221;no&#8221; text_align=&#8221;left&#8221; background_image_as_pattern=&#8221;without_pattern&#8221;][vc_column][vc_column_text]On May 23, as an exhibitor, we took part in the Evertiq EXPO fair in Malmo. It was an excellent opportunity to learn more about the Swedish market and, above all, meet our clients. Thank you for being..." />
<meta property="og:url" content="https://technosystem.pl/en/evertiq-expo-malmo-2024/" />
<meta property="og:site_name" content="Technosystem Sp. z o.o." />
<meta property="article:publisher" content="https://www.facebook.com/TechnoSystemSpzoo/" />
<meta property="article:modified_time" content="2024-06-17T08:43:37+00:00" />
<meta name="twitter:card" content="summary_large_image" />
<meta name="twitter:label1" content="Est. reading time" />
	<meta name="twitter:data1" content="1 minute" />
<script type="application/ld+json" class="yoast-schema-graph">{"@context":"https://schema.org","@graph":[{"@type":"WebPage","@id":"https://technosystem.pl/en/evertiq-expo-malmo-2024/","url":"https://technosystem.pl/en/evertiq-expo-malmo-2024/","name":"Evertiq EXPO Malmo 2024 - Technosystem Sp. z o.o.","isPartOf":{"@id":"https://technosystem.pl/#website"},"datePublished":"2024-06-17T07:52:43+00:00","dateModified":"2024-06-17T08:43:37+00:00","breadcrumb":{"@id":"https://technosystem.pl/en/evertiq-expo-malmo-2024/#breadcrumb"},"inLanguage":"en-US","potentialAction":[{"@type":"ReadAction","target":["https://technosystem.pl/en/evertiq-expo-malmo-2024/"]}]},{"@type":"BreadcrumbList","@id":"https://technosystem.pl/en/evertiq-expo-malmo-2024/#breadcrumb","itemListElement":[{"@type":"ListItem","position":1,"name":"Strona główna","item":"https://technosystem.pl/en/strona-glowna/"},{"@type":"ListItem","position":2,"name":"Evertiq EXPO Malmo 2024"}]},{"@type":"WebSite","@id":"https://technosystem.pl/#website","url":"https://technosystem.pl/","name":"Technosystem Sp. z o.o.","description":"Technosystem - Profesjonalny i kompleksowy montaż SMD oraz montaż THT. Oferujemy kompleksową obsługę zleceń produkcyjnych na materiałach","publisher":{"@id":"https://technosystem.pl/#organization"},"potentialAction":[{"@type":"SearchAction","target":{"@type":"EntryPoint","urlTemplate":"https://technosystem.pl/?s={search_term_string}"},"query-input":{"@type":"PropertyValueSpecification","valueRequired":true,"valueName":"search_term_string"}}],"inLanguage":"en-US"},{"@type":"Organization","@id":"https://technosystem.pl/#organization","name":"Technosystem Sp. z o.o.","url":"https://technosystem.pl/","logo":{"@type":"ImageObject","inLanguage":"en-US","@id":"https://technosystem.pl/#/schema/logo/image/","url":"https://technosystem.pl/wp-content/uploads/2024/04/logo-1.png","contentUrl":"https://technosystem.pl/wp-content/uploads/2024/04/logo-1.png","width":235,"height":33,"caption":"Technosystem Sp. z o.o."},"image":{"@id":"https://technosystem.pl/#/schema/logo/image/"},"sameAs":["https://www.facebook.com/TechnoSystemSpzoo/","https://www.youtube.com/channel/UCtag1RRGGZdlCMlsXHr8F9A","https://www.linkedin.com/company/technosystem-sp-z-o-o/?viewAsMember=true"]}]}</script>
<!-- / Yoast SEO plugin. -->

Strona główna

Technosystem - Profesjonalny i kompleksowy montaż SMD oraz montaż THT. Oferujemy kompleksową obsługę zleceń produkcyjnych na materiałach
